 = g. List the prime factors of g.
2, 3, 283
Let r = -347 + -158. List the prime factors of (-188466)/r - 4/(-5).
2, 11, 17
Let j(t) = -40*t**3 - 12*t**2 + 53*t + 249. List the prime factors of j(-5).
2, 1171
Let d(m) = 40991*m**2 - 87*m + 84. List the prime factors of d(1).
2, 10247
Suppose s - 134 = -3*s + 2*m, -5*s + m = -172. Suppose 0 = -5*c - 3*v - s, 4*c - 6*c - 5*v - 14 = 0. Let x(r) = 3*r**2 + 5. What are the prime factors of x(c)?
2, 19
Suppose -656 = -8*x + 6*x + 4*a, x - 316 = -2*a. What are the prime factors of x?
2, 7, 23
Suppose -5*n = -6*n + g - 1249, -3*g = 4*n + 4982. Let z = n - -2598. What are the prime factors of z?
7, 193
Let v(f) = -f**2 - 25*f - 40. Let a(m) = -3*m**2 - 75*m - 121. Let s(w) = 6*a(w) - 17*v(w). Suppose -39*x - 240 = -9*x. List the prime factors of s(x).
2, 3, 5
What are the prime factors of (45643 - 0) + (-17 + 0 - (101 - 112))?
47, 971
Let o be 1 + 1 - 0 - (-9 + 7). Suppose -2*g - 3*a + 291 = 0, -g - 2*a = -o*a - 156. List the prime factors of g.
2, 3, 5
Let u(t) = 2339*t + 1981. What are the prime factors of u(5)?
2, 13, 263
Let k be (65/(-10) + 1)*-26. Suppose -5*r - k - 1097 = 0. Let g = r - -388. List the prime factors of g.
2, 5, 7
Let z(j) = -2504*j - 13537. List the prime factors of z(-16).
41, 647
Let i(k) = -k**3 + k**2 + 2*k + 7. Let b be i(0). Suppose -6*j + 246 = -b*j. Let x = j + 420. List the prime factors of x.
2, 3, 29
Let o = -131 - -148. Suppose -o*q = -22*q + 2*m + 2018, 0 = 4*q + 3*m - 1596. What are the prime factors of q?
2, 3, 67
Let u = -110 - -183. Let q = -59 + u. List the prime factors of (-40)/q*(-7)/2.
2, 5
Suppose 6*y + 60 = -84. Let z be (0 - 1)/(54/y - -2). Suppose -5*o = 15, -l + 5*l - z*o = 132. What are the prime factors of l?
2, 3, 5
Let a = -571 - -575. Suppose 0 = -o + 3, 2*d = d - a*o + 522. List the prime factors of d.
2, 3, 5, 17
Let f(n) = 12*n**2 + 43*n - 18. Let d be f(12). Suppose -d = -8*b + 2006. List the prime factors of b.
23
Suppose -3*j + 4 = 10. Let w be (26 - -139)/(j/(-3 + 1)). Suppose -l - 71 = -3*r - 6*l, -l = -5*r + w. List the prime factors of r.
2
Suppose -4*g + 2868 = -4*a - a, g - 4*a = 728. Let w = g - 350. List the prime factors of w.
2, 181
Let y = -185 + 92. Let v = y + 95. Suppose -41 - 111 = -v*l. List the prime factors of l.
2, 19
Let g be (-2 + -1 + 3)/(30/(-15)). Let p(h) = -h**3 - 4*h**2 - 2*h - 6. Let a be p(-4). Suppose -a*m = -5*j + 1022, m = -1 - g. What are the prime factors of j?
2, 3, 17
Let n(s) be the first derivative of 13*s**3 + 71*s**2/2 - 3*s + 268. What are the prime factors of n(4)?
5, 181
Let i = 58 - 55. Suppose 5*m + i*m - 736 = 0. Suppose 3*c - 4*y = -2*y + m, -3*y = c - 16. List the prime factors of c.
2, 7
Suppose -5*d = -3689 - 14941. List the prime factors of d.
2, 3, 23
Let r(s) be the first derivative of -9*s + 14/3*s**3 + 1/4*s**4 + 17/2*s**2 + 12. What are the prime factors of r(-8)?
239
Let m(l) = l**2 - l - 11. Suppose -4*j - 3*c + 5*c = -28, -3*j = -4*c - 31. Let d be m(j). Suppose 180 = -d*f + 12*f. What are the prime factors of f?
2, 3, 5
Let u(h) = h - 8. Let b be u(10). Suppose -x + 1108 = 3*n, b*n + 5*x - 717 = -0*x. List the prime factors of n.
7, 53
Let k(c) = 26*c**3 - 7*c**2 - 11*c - 30. List the prime factors of k(5).
2, 5, 13, 23
Let w be (-11)/(-55) - 982/10. Let y = 130 + w. List the prime factors of y.
2
Suppose -3*p - 326 = 2*j, -2*j = 4*p + 488 - 50. Let f = p - -218. What are the prime factors of f?
2, 53
Let r(o) = 12*o**3 + 1 - 9*o**2 + 4*o + 6*o**2 - o**2. What are the prime factors of r(2)?
89
Let i = -177 - -152. Let q(x) = -19*x - 127. List the prime factors of q(i).
2, 3, 29
Suppose 4022*l = 4064*l - 447594. List the prime factors of l.
10657
Let z = 3639 + -411. What are the prime factors of z?
2, 3, 269
Suppose 5 = -c, 13*q + 2*c = 10*q + 7994. What are the prime factors of q?
2, 23, 29
Suppose 4*j - 2*j - 2*l - 362 = 0, 3*j - 544 = 2*l. Let q = -46 + j. Suppose -a + q = 3*a. List the prime factors of a.
2, 17
Let b(w) = -w**3 - 3*w**2 + 5*w + 6. Let o be b(-4). Suppose -s - o*z - 41 = 44, 2*s - z + 160 = 0. Let f = 130 + s. List the prime factors of f.
7
Suppose -7*w = -13*w + 84. Suppose -12*g - 448 = -w*g. What are the prime factors of g?
2, 7
Suppose -82 = -11*i - 38. What are the prime factors of ((-18)/(-24))/(-3) - (-2841)/i?
2, 5, 71
What are the prime factors of 27/(((-14)/21)/2 + (-429)/(-1278))?
2, 3, 71
Let s(g) = 11*g + 105. Suppose 26 = 2*k - 6. List the prime factors of s(k).
281
Suppose -5*i = -4*d - 26498, -5*i + 5*d + 1118 = -25377. What are the prime factors of i?
2, 11, 241
Let l = 140 - 302. Let h = l - -358. List the prime factors of h.
2, 7
Let a be (-8 - 0)/(-2)*432/72. What are the prime factors of 8/a - (-2272)/6?
379
Suppose -4 = -p - 1. Suppose -299*n + 328*n = 12818. Suppose n = 4*q + p*v, v + 216 = 2*q - 0*v. List the prime factors of q.
109
Let h(d) = 2*d**3 - 7*d**2 + 39*d + 2. Let a be h(12). Suppose 1114 = 9*p - a. List the prime factors of p.
2, 7
Let l = -223 + 119. Let c be 18/9 - (l + 1). Suppose 155*d - 152*d = c. What are the prime factors of d?
5, 7
What are the prime factors of (-9 - 227)*((-99)/3 - 0)?
2, 3, 11, 59
Let s(d) = 10*d - 20. Suppose 5*i + 63 = 118. Let m be s(i). Let z = 132 - m. What are the prime factors of z?
2, 3, 7
Suppose 0 = -2*z - 4*r + 30, 25 = 6*z - 3*z + r. Suppose z*k - 40*k + 43791 = 0. What are the prime factors of k?
1327
Let f(z) = 5*z**2 + 53*z - 14. Let x be f(-11). Suppose -21*a + 6552 = -x*a. What are the prime factors of a?
2, 3, 7
List the prime factors of (-72888)/(-90) + (154/(-30))/(-1) + -5.
2, 3, 5
Suppose -2*w = 5*q - 28543, 5*q + w + 4*w = 28540. List the prime factors of q.
3, 11, 173
Let w(t) = 37*t**2 - 17*t. List the prime factors of w(21).
2, 3, 5, 7, 19
Let y = 37 - 32. Suppose 2*p + 4*z = 9*z + y, -4*p - 4*z + 52 = 0. What are the prime factors of p?
2, 5
List the prime factors of (47974/(-102))/((-2)/6).
17, 83
List the prime factors of -25635*(1 - 11/9 - 17/153).
5, 1709
Suppose -4*r + 61325 = 3*h - 4177, h + 3*r = 21834. What are the prime factors of h?
2, 3, 1213
Let i = 164603 + -99448. What are the prime factors of i?
5, 83, 157
Let y(a) = -203 + 354 + 3*a - 2*a - 4*a. What are the prime factors of y(37)?
2, 5
Let r(a) = a + 30. Let m be r(-28). List the prime factors of 41325/171 + m/6*1.
2, 11
Suppose d = -2, -3381 = -m - 3*d + 2285. What are the prime factors of m?
2, 709
Suppose -2*j + 4*x = -24, x = 3*j + 4*x - 54. Suppose -j = -5*i - 6. Suppose -4*n - a = -494, -4*n + n = -i*a - 365. What are the prime factors of n?
3, 41
Let t(l) = 699*l - 1660. What are the prime factors of t(13)?
7, 1061
Suppose -6*a - 1407 - 69 = 0. Let v = a - -359. List the prime factors of v.
113
Let y(p) = p + 16*p**2 - 2*p**3 - 7 - 3*p - p + 3*p**3. Let u be y(-16). Suppose -31 = -2*b + u. What are the prime factors of b?
2, 3
Let h = -2814 + 1945. Let f = 1714 + h. What are the prime factors of f?
5, 13
Let j(c) = 15 + c**3 + 4*c + 17 + 6*c + 16*c**2 - 3. Let p be -8 + -2 + -7 - -2. What are the prime factors of j(p)?
2, 13
Let a be ((-76)/8)/(2/(-4)). Let g be ((4 - a)*(0 + -1))/1. What are the prime factors of (-1)/(2/g*3/(-18))?
3, 5
What are the prime factors of (1 - 32/20) + ((-149432)/(-20) - -5)?
2, 3, 7, 89
Let i = 6619 - -5853. What are the prime factors of i?
2, 1559
Let k(o) be the third derivative of -o**5/60 + o**4/24 + 25*o**3/6 + 14*o**2. Let b be k(5). Suppose b*x - 3*x = 110. What are the prime factors of x?
5, 11
Suppose 3*n = 5*n - 8. Suppose 0*k + n*k = 0. List the prime factors of 12/(-6) + (1 - k)*109.
107
Let u(z) = -1775*z**3 + 4*z**2 + 44*z + 154. List the prime factors of u(-3).
13, 3691
Let m(v) = 28*v**2 - 103*v + 3033. What are the prime factors of m(31)?
2, 3, 743
Suppose 3*q - 51 = -b + 20, 0 = -q + 3*b + 7. Let x be q + -114 - (1 + (-2 - -1)). Let m = x - -143. List the prime factors of m.
3, 17
Let d(k) be the first derivative of -k**3/3 + 9*k**2 - 27*k - 20. Let n be d(16). Suppose -3*c - 138 = -p, -n*c = -4 + 24. List the prime factors of p.
2, 3, 7
Let s = -3494 + 9367. What are the prime factors of s?
7, 839
Let j = 8 - 4. Suppose z - 3*b = b + 748, -j*b - 3804 = -5*z. List the prime factors of z.
2, 191
Suppose 0 = 30*l - 30 - 90. Suppose -o = x - 827, -4*o +